?
107144
In base 8, what is -250145332 - -5?
-250145325
In base 10, what is 229524636 - -2?
229524638
In base 16, what is ac + -3d09?
-3c5d
In base 8, what is 6 - -205600500?
205600506
In base 6, what is 532453124 + -24?
532453100
In base 8, what is 12254457 - 1?
12254456
In base 15, what is 1b4b + -1b9a3?
-19d57
In base 14, what is -9b - -209a1ab?
209a110
In base 4, what is -3310 + 102120230?
102110320
In base 13, what is 3a53c87c + 4?
3a53c883
In base 13, what is -82b1 + -3b8?
-8699
In base 12, what is -501a156 + -4?
-501a15a
In base 4, what is -1221032 - 1002021?
-2223113
In base 9, what is -34870 + 233?
-34636
In base 4, what is 3210310 - 110000?
3100310
In base 14, what is -50a7d97 + 3?
-50a7d94
In base 8, what is 214102 + 25?
214127
In base 3, what is -212120021112 - 20100?
-212120111212
In base 4, what is 1000200 + 12110310?
13111110
In base 12, what is -b7817b + 14a?
-b78031
In base 6, what is 1411520 + -4?
1411512
In base 16, what is -9e2e89 - -1?
-9e2e88
In base 2, what is 110011 - 1000010110011111101011?
-1000010110011110111000
In base 5, what is -3 - 23333040212?
-23333040220
In base 14, what is -5b9 + 12b34?
12559
In base 14, what is d32 - -a0b1?
b003
In base 12, what is 8979b - 101?
8969a
In base 12, what is -4a53563 - 5?
-4a53568
In base 5, what is -120412411013 + 10?
-120412411003
In base 8, what is -7 - -303772457?
303772450
In base 15, what is 10c1 + -34db?
-241a
In base 10, what is -247099 + 7?
-247092
In base 14, what is 18 + 309dd3?
30a00b
In base 11, what is -2417 + 1267?
-1160
In base 6, what is -10224330 - 1024?
-10225354
In base 16, what is -ec0c - 9?
-ec15
In base 12, what is 264 + -10231?
-bb89
In base 11, what is -163 - 107257?
-10740a
In base 2, what is 100 + 10010000000100000001110100?
10010000000100000001111000
In base 16, what is -35 - -a7b2?
a77d
In base 11, what is -6 + -711782?
-711788
In base 12, what is -52ba4 + -46?
-5302a
In base 6, what is -352 + 214133432?
214133040
In base 5, what is -10 + -21304121211?
-21304121221
In base 5, what is -100133013 + 123002?
-100010011
In base 9, what is 4564357 - 31?
4564326
In base 12, what is -29b40a + 6?
-29b404
In base 3, what is 12102021100212 + -120?
12102021100022
In base 9, what is -7 - 6163837?
-6163845
In base 4, what is -31000012022 - -10?
-31000012012
In base 4, what is -302 - -320022322?
320022020
In base 8, what is 23643 - 27701?
-4036
In base 16, what is 3f05 - 2f1c?
fe9
In base 14, what is 49999 + -48?
49951
In base 11, what is -573 + 44821?
44259
In base 4, what is -2231111121130 + 3?
-2231111121121
In base 6, what is -153304031 + -12?
-153304043
In base 3, what is 1201220200020 - -10112?
1201220210202
In base 5, what is 13214 - -10344223?
10412442
In base 9, what is 1406122 + -310?
1405712
In base 13, what is 0 + 47152c3?
47152c3
In base 7, what is -1133130333 - -4?
-1133130326
In base 12, what is -3 - b82395?
-b82398
In base 4, what is 302 + 333001130?
333002032
In base 5, what is -304024 + 24024?
-230000
In base 7, what is 2125263156 - -3?
2125263162
In base 8, what is -506030363 + -1?
-506030364
In base 3, what is 10212 - -2000101221001?
2000102001220
In base 9, what is 0 - -27845482?
27845482
In base 16, what is 3a4755bb + -3?
3a4755b8
In base 5, what is 21 + -40102134?
-40102113
In base 13, what is 4a5 - -47a8?
4c80
In base 5, what is -11401 - 234223134?
-234240040
In base 2, what is -11 + -11000110001011011110111000?
-11000110001011011110111011
In base 3, what is -11211102020221 + -222?
-11211102021220
In base 6, what is -10 + 22503?
22453
In base 8, what is 272477 + -421?
272056
In base 6, what is 540 - -152313?
153253
In base 9, what is 351163 - -133?
351306
In base 8, what is 15365765 - -46?
15366033
In base 7, what is 305 + 12520316?
12520624
In base 13, what is c38b9 + 134a?
c4c36
In base 6, what is 324502245 - 1?
324502244
In base 16, what is 1f7 - dcdb?
-dae4
In base 9, what is -16 - 465832?
-465848
In base 14, what is -5a - 149dc?
-14a58
In base 14, what is -123 + -a846?
-a969
In base 2, what is 111000111001 - 110001?
111000001000
In base 11, what is -6723238 - -1?
-6723237
In base 3, what is 20020 + 110110112?
110200202
In base 7, what is 335423 + 64?
335520
In base 7, what is 52 - -16252501?
16252553
In base 3, what is -1100202121220 + -11?
-1100202122001
In base 2, what is -1100 + 111011101110101001110010?
111011101110101001100110
In base 5, what is 410 + 1111233?
1112143
In base 11, what is -23038825 + 3?
-23038822
In base 5, what is 2233122 - 141431?
2041141
In base 8, what is 33314104 + -10?
33314074
In base 16, what is -2942a - 2?
-2942c
In base 8, what is 47257 - -2674?
52153
In base 11, what is -87875 + -6a3?
-88468
In base 4, what is 1 - -2113322121230?
2113322121231
In base 14, what is -48 + 31a16?
319ac
In base 15, what is 2b639 + 1151?
2c78a
In base 11, what is 9268 + -1487?
7891
In base 16, what is -76 + -11420?
-11496
In base 3, what is 2102121 + -11102221?
-2000100
In base 11, what is 174a6978 + -1?
174a6977
In base 5, what is -3220 + -101213?
-104433
In base 10, what is -2273 + 4837?
2564
In base 3, what is 1010 - 120212002?
-120210222
In base 10, what is 33123069 + -11?
33123058
In base 11, what is -1346682 + 2?
-1346680
In base 3, what is -100110112102200001 - -10?
-100110112102122221
In base 11, what is 557 - -157837?
158293
In base 3, what is 1 - -2102101102010?
2102101102011
In base 12, what is -5b0 + 76717?
76127
In base 12, what is 2 - 1529ba8?
-1529ba6
In base 16, what is 1b4 - 781ae?
-77ffa
In base 4, what is -100223233122 + 13?
-100223233103
In base 16, what is 3c7 - -d604?
d9cb
In base 9, what is -143 + -73806?
-74050
In base 7, what is 645 - -664234?
665212
In base 10, what is -5554 + -63393?
-68947
In base 2, what is 1000111010010001110 + 111?
1000111010010010101
In base 6, what is 10 + -25220121043?
-25220121033
In base 13, what is 27 + 418794?
4187bb
In base 10, what is -2271 + 21505?
19234
In base 6, what is 15023 - 4043235?
-4024212
In base 8, what is -13301521 - -2?
-13301517
In base 4, what is -111000 + -102312?
-213312
In base 15, what is 8a9be - 3e?
8a980
In base 14, what is 19c208 + -c?
19c1da
In base 6, what is -105131 + 1502?
-103225
In base 5, what is -10233011234 - -1022?
-10233010212
In base 9, what is 128215 - -235?
128451
In base 11, what is -44 + -1904?
-1948
In base 13, what is -7294 - 4222?
-b4b6
In base 3, what is -11100 + -120221210201?
-120221222001
In base 11, what is -2 + 3152703?
3152701
In base 8, what is 2 - 10465732?
-10465730
In base 11, what is 58268367 - 2?
58268365
In base 13, what is -2c82327 - 5?
-2c8232c
In base 7, what is -20 + 21024565?
21024545
In base 14, what is -36a589 + ca?
-36a49d
In base 3, what is -10121020 - -200120022?
112222002
In base 11, what is -259a81509 + 4?
-259a81505
In base 4, what is 0 + -100002022322?
-100002022322
In base 15, what is -655db - 0?
-655db
In base 4, what is 20 - -2232212333032?
2232212333112
In base 4, what is -12032111330 + -12?
-12032112002
In base 11, what is 8928 + 125a9?
20426
In base 14, what is -8dbc0aa - 1?
-8dbc0ab
In base 6, what is 211335 - -422?
212201
In base 6, what is 2 - 24342445345?
-24342445343
In base 11, what is -3a6607 + 194?
-3a6423
In base 10, what is -179 + 145183?
145004
In base 8, what is -56676 + -2006?
-60704
In base 13, what is 83bb - -31b0?
b59b
In base 10, what is 19228 - -10890?
30118
In base 3, what is -12 + -112010221102222?
-112010221110011
In base 2, what is 11 - 11011011100101000101011?
-11011011100101000101000
In base 4, what is 10 - -20022300221231?
20022300221301
In base 10, what is 1457038 - 569?
1456469
In base 4, what is 101231011312 - 20?
101231011232
In base 9, what is -3015805 - 3?
-3015808
In base 9, what is -234 - 14175?
-14420
In base 13, what is b - 2ab910?
-2ab902
In base 9, what is 14553381 + -4?
14553376
In base 4, what is 3331022 - -22200?
10013222
In base 5, what is 312 - 2042013?
-2041201
In base 11, what is -23 - 174aa06?
-174aa29
In base 13, what is 1 - 5042221?
-5042220
In base 16, what is 3 - e7b0960?
-e7b095d
In base 14, what is 2 - 7a26cc?
-7a26ca
In base 9, what is -2473 + 7064?
4481
In base 10, what is 38216197 - 2?
38216195
In base 8, what is -273556 - -12?
-273544
In base 9, what is 134840 + 2?
134842
In base 14, what is 595c442 - 3?
595c43d
In base 13, what is -14 - 2